0)/25. Let g = l - 109. Is g prime?
False
Is -44*-46*2/16 a prime number?
False
Let f(c) = -c**3 - 4*c**2 - 5*c - 4. Let w be f(-3). Suppose 2*h + 2*y + 2 = 0, 2*y + w + 7 = 5*h. Is h/(-2)*-4*17 prime?
False
Let h = 14 + -10. Suppose 277 + 379 = h*v. Suppose -v - 246 = -3*t - 5*z, -590 = -4*t + 2*z. Is t composite?
True
Let i(z) = z**3 + 11*z**2 + 6*z - 6. Let l be i(-5). Suppose 0 = -0*y - 5*y + 305. Let f = l - y. Is f a prime number?
True
Let n = 1836 - 974. Is n a prime number?
False
Let i = -5 - -4. Is i/1*1*-127 composite?
False
Let s(u) = -111*u + 1. Is s(-4) a composite number?
True
Let r(y) = 3*y**3 + 12*y**2 - 7*y - 9. Let k = -6 + 5. Let o(z) = -z**3 - z**2 + z + 1. Let g(i) = k*r(i) - 5*o(i). Is g(5) a composite number?
False
Let j = -513 - -924. Let n = j + 142. Is n a prime number?
False
Let l = -1 + -9. Let y(u) = -7*u - 4. Let a be y(-4). Let n = l + a. Is n composite?
True
Let d(n) = -2*n + 6. Let v be d(5). Is (582/(-9))/(v/6) prime?
True
Let z be 6/(-10) - (-32)/20. Suppose -s - t + 3 = -2*t, -t = z. Suppose -a = -s*a + 23. Is a composite?
False
Let h(o) = o + 15. Let f be h(-11). Suppose -f*l + 950 = 2*a, -a + 416 = 4*l - 65. Is a a prime number?
False
Let s = 525 - 230. Is s composite?
True
Let x be 1*(-3)/((-3)/2). Let k be 316 - ((1 - x) + 1). Suppose 0 = -s - 3*s + k. Is s composite?
False
Let j be 2 + 146 - 0/(-2). Suppose 27 + j = 5*n. Is n a composite number?
True
Suppose 0*d = -6*d + 2274. Is d prime?
True
Let o(y) be the third derivative of 0 + 1/8*y**4 - 1/30*y**6 - 1/20*y**5 + 0*y - 3*y**2 - 1/6*y**3. Is o(-3) a prime number?
True
Is (-535 - 3)*4/(-8) a prime number?
True
Let q(s) = 3*s**2 - 4*s**2 - 1 + 2*s**2. Is q(-4) a prime number?
False
Suppose 0 = -5*j + 4*u - 12, -15 = -j + 4*j - 5*u. Suppose j = -w - k - 2, -10 = 4*w + 3*k - 6. Suppose -r - 77 = -w*r. Is r a composite number?
True
Suppose 5*t - 10118 = -4*i - 1443, 0 = -t - i + 1736. Suppose 2*s + 4*b = 7*s - t, -4*s - b + 1368 = 0. Suppose -5*w = -142 - s. Is w prime?
True
Suppose -546 = -10*f + 864. Is f prime?
False
Is -4*6/(-16)*2 - -23 a composite number?
True
Suppose 4*o - 185 - 35 = 0. Is o prime?
False
Let s = -35 + 55. Let g = 3 - -1. Suppose -g*j - s = -3*q - 364, -5*q = j - 109. Is j composite?
False
Let s(a) be the second derivative of -1/20*a**5 + 1/2*a**2 + 0 + 2*a - 1/6*a**4 - 1/6*a**3. Is s(-3) a composite number?
False
Let q(d) = 51*d + 9. Let z(f) = 34*f + 6. Let w(m) = -5*q(m) + 8*z(m). Let j be w(-2). Is -2*(-1)/(-2)*j prime?
True
Let l be 1/(10/(-4))*-575. Let s be (-5)/(-2)*(-6)/(-5). Suppose -x = -s*x + l. Is x composite?
True
Is -4 + (-12)/(-4) - -128 a composite number?
False
Suppose 0 = -y - 4*y - 30. Is ((-465)/y)/5*2 prime?
True
Suppose 3*f + 4*j = 730, 381 = -4*f + 2*j + 1347. Suppose -89 = 3*r - f. Is r a prime number?
False
Let y(d) = d**3 + 5*d**2 + 3*d + 3. Let f be y(-4). Suppose -5*j + f = -103. Is j composite?
True
Suppose 0 = -2*r, 4*r = -4*h + 2*r + 4604. Is h prime?
True
Is (2/3)/((-8)/(-4452)) a composite number?
True
Let n(m) = 3*m - 2. Let c(p) = 10*p - 7. Let s(x) = 6*c(x) - 17*n(x). Is s(7) a composite number?
True
Let k = -1907 + 2802. Is k composite?
True
Let r(m) = 75*m + 1. Let l be r(1). Suppose x - 130 = -4*x. Suppose -2*o + 3*a = -a - x, a = -5*o + l. Is o a composite number?
True
Let n be (24/(-15))/((-4)/10). Suppose -f = -5*j + 244, 4*f - 50 - 150 = -n*j. Is j prime?
False
Suppose 3*d = 4*d. Suppose d = -4*z - 0 + 76. Is z a prime number?
True
Let b(g) be the third derivative of 7/24*g**4 + 0 + 2*g**2 + 0*g + 0*g**3. Is b(2) prime?
False
Let g(l) = 6*l**3 - 2*l**2 + l. Let n be g(1). Suppose 0 = -n*i - 20, -4*t + 4*i + 252 - 40 = 0. Is t a prime number?
False
Suppose -27 + 11 = 2*z. Is (-8)/(-3)*(-354)/z a composite number?
True
Suppose 0*i + 92 = i. Let y = -53 + i. Is y prime?
False
Suppose -4*c = 2*a - 2, -c + 5*c - 20 = 4*a. Suppose 0*n = c*n + 4. Let h = 5 - n. Is h composite?
False
Let a(k) = 15*k**2 + 5*k - 7. Let i = -9 + 13. Is a(i) a prime number?
False
Let v(s) = 354*s. Let x be v(1). Let o = x - 105. Is o a composite number?
True
Suppose 3*f - 26 - 49 = 0. Suppose -5*b - 5*z + 115 = 0, 0*b - 2*z = b - f. Is b a composite number?
True
Let s(t) = 10 + t + 7 + 38 + t**2 + 4. Is s(0) a prime number?
True
Suppose 2*p = 6*p - 3*x - 5996, 0 = p - 3*x - 1499. Is p a prime number?
True
Let a(x) = 7*x + 2. Let z = -3 + 5. Let v be a(z). Let r = v + -9. Is r a composite number?
False
Suppose 0 = -k - 24 + 84. Suppose 60 = -5*m - 55. Let t = m + k. Is t prime?
True
Suppose y + 26 = -4*i - 0*y, -2*i - y - 14 = 0. Let w = i + 9. Suppose 0 = 3*j - 2*j - 4*t - 26, -w*t = -4*j + 39. Is j prime?
False
Let a(q) = -q**2 + q + 5. Let s be a(4). Let j(u) = -u**2 - 7*u - 3. Let x be j(s). Is 2 + x + 69 + -1 a prime number?
True
Let z(i) = i**2 + 5*i + 3. Let g be z(-5). Let a be 15/(-10) - 142/(-4). Suppose 2*r - 4*t = 18, 5*r - g*t = a + 4. Is r a prime number?
True
Let u = 345 + -16. Is u a composite number?
True
Suppose -4*r - r + 191 = 2*y, 0 = r - 3*y - 28. Is r composite?
False
Let x = -515 - -818. Is x a prime number?
False
Let d = -1 + 1. Suppose d = -4*r + 2*r + 134. Is r composite?
False
Let w(g) be the second derivative of g**4/6 - g**3/2 - 2*g**2 - 3*g. Let k be w(-3). Let v = k + -4. Is v prime?
True
Suppose -7*g = -145 - 324. Is g prime?
True
Is (-4 - 5336/12)/(2/(-3)) prime?
True
Let p(d) = 85*d - 13. Is p(6) a prime number?
False
Suppose -2*t = -10, -314 = -5*x + 5*t + 81. Let f = x + -35. Is f composite?
True
Suppose -2*t + 1885 = -2001. Is t a composite number?
True
Suppose 3*h + 0 + 3 = 0, -2*q - 4*h = -1390. Is q a prime number?
False
Let k = 12 + 11. Is k composite?
False
Let q(p) = -12*p. Let o be q(3). Let g = o - -59. Is g composite?
False
Is (6 - (-4424)/4) + 0 + -3 a prime number?
True
Let p be (4 - -22)*(-9)/(-6). Is p/2 - (-2)/(-4) a prime number?
True
Suppose -8*m = -724 - 292. Is m prime?
True
Let b(y) = 10*y**3 - 21*y**2 + 8*y - 16. Let o(i) = -3*i**3 + 7*i**2 - 3*i + 5. Let l(t) = 2*b(t) + 7*o(t). Is l(4) a prime number?
True
Suppose j + j + 4 = 0. Let l be j/(-8) - 2415/(-4). Suppose -224 = 4*a - l. Is a prime?
False
Let c = 5 + -1. Suppose 6*w - c*w - 6 = 0. Suppose w*n = 2*q - 233, 0*n = -2*q - 2*n + 208. Is q a prime number?
True
Let x(y) = -y**3 + y**2. Let b be x(-1). Suppose 0 = -b*f + 2 + 100. Is f prime?
False
Suppose p - 4*l = 358, -1029 = -5*p + 2*p - 3*l. Is p composite?
True
Let l(w) be the third derivative of 9*w**4/2 - w**3/6 - 3*w**2. Let o be l(-1). Let h = o - -178. Is h a prime number?
False
Let l = 19 - 10. Suppose -5*f + 24 = l. Suppose w + 0*j - 52 = f*j, 0 = 5*j - 5. Is w a composite number?
True
Is 40968/60 + (-2)/(-10) a composite number?
False
Suppose 4*v + 2*p + 20 = -0*p, 2*p - 4 = 4*v. Let d = 5 + v. Suppose 0 = -4*q - 5*m + 107, 3*m - 4*m = -d*q + 43. Is q a composite number?
False
Suppose 6*j - 3*j + 2*n - 2845 = 0, 5*n = 5*j - 4775. Is j composite?
True
Let p = 9 + -5. Suppose 16 = p*h - 88. Is h composite?
True
Suppose -m + 3*b = m - 297, 0 = m - 4*b - 136. Let d = -91 + m. Is d a composite number?
True
Let h(s) = 4*s**2 + s - 5. Let o(l) = -l**3 + 10*l**2 - 8*l - 13. Let v be o(9). Is h(v) a composite number?
True
Let f(y) = 7*y - 10. Let n be f(11). Suppose -4*v = 5*q - 158 - n, 4*q - 3*v = 211. Suppose 4*x + q = 233. Is x a prime number?
False
Suppose -4*s = -7*s + 1437. Is s composite?
False
Let n = 7 + 50. Suppose -3*m = 4*z - 212, m - 3*z = 5 + n. Let g = -31 + m. Is g a prime number?
True
Let u be (4/8 + 0)*82. Let x = -27 + u. Is x a prime number?
False
Let s be (-1 - 238) + (-2)/(-1). Is s/(-5) + (-2)/5 prime?
True
Let z(h) = 2*h**3 - h**2 + 2*h + 2. Let t(r) = 2*r - 7. Let d be t(5). Is z(d) a composite number?
False
Let r(u) = -u**3 + 4*u**2 - 6. Let d be r(3). Suppose -1539 - 156 = -d*t. Is t prime?
False
Let b(a) = a - 7. Let x be b(11). Let k = 8 - x. Is k/(-14) + 4437/21 a composite number?
False
Let o(i) = -i**3 - 4*i**2 + 25*i + 7. Is o(-9) composite?
True
Let t(i) = 20*i**2 - i + 9. Is t(-5) prime?
False
Let t(n) = -486*n**3 + 2*n**2 - 1. Suppose 4*g + 5*c = 10 + 11, -2*g = c - 3. Is t(g) a composite number?
False
Let a(h) = 7*h. Let r(n) = -21*n - 1. Let i(y) = -7*a(y) - 2*r(y). Is i(-5) prime?
True
Suppose 0*k = 2*z - 3*k -